2e7828
In base 16, what is -85e - -17e73?
17615
In base 4, what is 3202220 - -21232?
3230112
In base 13, what is -7 - -69b8c4?
69b8ba
In base 10, what is 199 - -527121?
527320
In base 4, what is -3 + -3230131102?
-3230131111
In base 6, what is -3235104 + 30133?
-3204531
In base 3, what is 1022122111021 - 10000?
1022122101021
In base 3, what is 22122112002 + -12002122?
22110102110
In base 5, what is -132021012 + -3?
-132021020
In base 4, what is -100310310 - 3?
-100310313
In base 11, what is -5a - 18796a?
-187a19
In base 15, what is -6559 - 2078?
-85d2
In base 7, what is -662034 - 136?
-662203
In base 10, what is -108116690 + -2?
-108116692
In base 16, what is -1d95c7 - -2?
-1d95c5
In base 7, what is 11 + -234164446?
-234164435
In base 4, what is -1203020300 + -30?
-1203020330
In base 10, what is 249 - 50295?
-50046
In base 11, what is 997 + -35522?
-34636
In base 15, what is -e16 - 1169?
-2080
In base 9, what is 361300 - 4?
361285
In base 2, what is -1011000111101100000001110 + 100?
-1011000111101100000001010
In base 3, what is 1201001 - 12211120102?
-12202212101
In base 2, what is -11011001000 + 1001100001000101010?
1001011101101100010
In base 5, what is 4024 + -102413?
-43334
In base 2, what is 1 + 1001001110010011110010?
1001001110010011110011
In base 7, what is -44215562 - -31?
-44215531
In base 11, what is 26671090 - 4?
26671087
In base 8, what is -3 - 1716017474?
-1716017477
In base 6, what is -3300222544 + -3?
-3300222551
In base 6, what is 115 - 3135402?
-3135243
In base 4, what is -1 + 2020100131?
2020100130
In base 6, what is 13514111 - -222?
13514333
In base 12, what is 2 + b99975?
b99977
In base 10, what is -28 - 294051?
-294079
In base 9, what is -63114 - 1285?
-64410
In base 6, what is 133552050 - -15?
133552105
In base 12, what is 1086ab8 + -1?
1086ab7
In base 7, what is 212112550 + 2?
212112552
In base 3, what is 10020020010 + 22011111?
10112101121
In base 8, what is -360 - 102666?
-103246
In base 8, what is 574400156 + -5?
574400151
In base 16, what is 54 + -1054?
-1000
In base 4, what is -13000 - -201220020?
201201020
In base 8, what is 5 - -13732063?
13732070
In base 8, what is 4 + -27167305?
-27167301
In base 11, what is 3a6174a5 + -1?
3a6174a4
In base 16, what is -225837e - 1?
-225837f
In base 16, what is -14e1d1bb + 3?
-14e1d1b8
In base 15, what is ec1 - -9ee7?
aeb8
In base 7, what is 66031 + -326?
65402
In base 4, what is -1 + -13103202221?
-13103202222
In base 11, what is 4 + 71021252?
71021256
In base 13, what is 39868c + 2a4?
398963
In base 11, what is 79834413 + -3?
79834410
In base 9, what is 4537307 + 144?
4537452
In base 8, what is -4 - -31004016?
31004012
In base 9, what is -173 + -111720?
-112003
In base 16, what is 3 + 11a7c6e?
11a7c71
In base 12, what is 10b - 192b60?
-192a51
In base 8, what is -16506 - 322?
-17030
In base 11, what is 5232 + -490?
4852
In base 7, what is -13 - -43206153?
43206140
In base 10, what is -10 + 45921989?
45921979
In base 12, what is -407 + -8561?
-8968
In base 3, what is 111011111101 - 11?
111011111020
In base 7, what is 11 - -3514510?
3514521
In base 12, what is 123 - 2174b?
-21628
In base 9, what is -44303 + -846?
-45250
In base 7, what is 44301 + -3432?
40536
In base 3, what is -10101221 + 2001021010?
1220212012
In base 5, what is -3133301014 + -20?
-3133301034
In base 11, what is 45a219a + -3?
45a2197
In base 6, what is -54 + 12313500?
12313402
In base 16, what is -1 - -38bf02?
38bf01
In base 7, what is 2513162 + 303?
2513465
In base 12, what is -2b1 - 657ab?
-65aa0
In base 9, what is -134211681 + 2?
-134211678
In base 12, what is -14710 + 34a?
-14382
In base 13, what is -49aba9c - 3?
-49abaa2
In base 2, what is 11100110011101111010 + 1110100?
11100110011111101110
In base 14, what is -c2acbc - 10b?
-c2adc9
In base 7, what is -1504 - -515313?
513506
In base 12, what is 1a2 - -20159?
2033b
In base 5, what is 112213 + 3221?
120434
In base 7, what is -4634 - -205512?
200545
In base 6, what is 12055452 + 4?
12055500
In base 16, what is 20 + -3f76ce?
-3f76ae
In base 12, what is -8455 - -b0?
-8365
In base 3, what is -10000 - -2022020200?
2022010200
In base 12, what is 2 - 7a8456?
-7a8454
In base 11, what is -4 - 5460332?
-5460336
In base 13, what is -50 - 250a9?
-25129
In base 8, what is 2576621 + 170?
2577011
In base 16, what is -129815b + b?
-1298150
In base 11, what is -2143681a + 3?
-21436817
In base 8, what is 32 - 4242720?
-4242666
In base 10, what is -9712089 + -4?
-9712093
In base 6, what is 1112 - 31315?
-30203
In base 11, what is -1 + -15a0021?
-15a0022
In base 6, what is -400 - 30421355?
-30422155
In base 2, what is 101011101101000000011111110 - 10?
101011101101000000011111100
In base 3, what is -1 - 21020221010120?
-21020221010121
In base 14, what is -2a1 + -4703?
-49a4
In base 6, what is 1234232 - -13?
1234245
In base 8, what is 1345 + 111515?
113062
In base 2, what is -100 + -1000110111001011111101011?
-1000110111001011111101111
In base 4, what is -2 - -32203231332230?
32203231332222
In base 11, what is 551 + 35941?
36392
In base 13, what is -29255b - b?
-292569
In base 10, what is -1487132140 - 0?
-1487132140
In base 6, what is -1141444 + 2411?
-1135033
In base 5, what is -314 + -1412200?
-1413014
In base 6, what is 3110000015 + 30?
3110000045
In base 5, what is -143 + 10124004?
10123311
In base 9, what is 2 - 24508202?
-24508200
In base 5, what is 14344 + -4403121?
-4333222
In base 4, what is 123323 - 10313110?
-10123121
In base 10, what is 82679299 + 3?
82679302
In base 16, what is a4c35 - 2a?
a4c0b
In base 8, what is -274 + 535314?
535020
In base 12, what is 1333711 + -5?
1333708
In base 11, what is 0 + 35325769?
35325769
In base 8, what is -24 + 5053040?
5053014
In base 12, what is 9 - -1762362?
176236b
In base 11, what is -1061aa9 + 27?
-1061a82
In base 4, what is 122210 + -323333?
-201123
In base 9, what is 10 + -1870120?
-1870110
In base 10, what is 30 - 10901?
-10871
In base 3, what is 12102220012 - -1210120?
12111200202
In base 4, what is 10003120212001 - 2?
10003120211333
In base 9, what is 181115173 - 3?
181115170
In base 7, what is 52332012 - 11?
52332001
In base 13, what is 665a + -c1c?
573b
In base 12, what is -129a9979 + 5?
-129a9974
In base 14, what is -7 + 484701?
4846d8
In base 2, what is 101011110 - 11001101010001100?
-11001100100101110
In base 16, what is 0 - -2a126c?
2a126c
In base 13, what is 34 - 4b7c49?
-4b7c15
In base 14, what is 8 - 39230b?
-392303
In base 5, what is -104 - -1001121000?
1001120341
In base 6, what is 0 + -2133021?
-2133021
In base 8, what is 21 + -2301575?
-2301554
In base 13, what is -1151c515 + 0?
-1151c515
In base 11, what is 21208 + -698?
20620
In base 5, what is -3003441 + 4212?
-2444224
In base 9, what is -2 + -22808071?
-22808073
In base 9, what is -5538136 + 2?
-5538134
In base 3, what is 12120222 + 2022111?
21220110
In base 4, what is -10 + -1132333202331?
-1132333203001
In base 12, what is -3b3a5 - 25?
-3b40a
In base 14, what is -2 - -a2d938c?
a2d938a
In base 8, what is 224 - 56310?
-56064
In base 6, what is 33 - -25351254?
25351331
In base 10, what is 3 + -46743800?
-46743797
In base 13, what is a5a - -21180?
21c0a
In base 8, what is 34130246 - 3?
34130243
In base 2, what is 111000011011 - 10010100001000110?
-10001101000101011
In base 6, what is 243023 + -153?
242430
In base 7, what is 16630364 - -36?
16630433
In base 4, what is 2230 - -13132021?
13200311
In base 5, what is 33 + -40301222014?
-40301221431
In base 9, what is 4 + -154741145?
-154741141
In base 7, what is -103462563 - -24?
-103462536
In base 14, what is -2 - 4c7927?
-4c7929
In base 7, what is -36324 - -12045?
-24246
In base 12, what is -85b63654 + 1?
-85b63653
In base 15, what is -6ae7 + -1d7?
-6cce
In base 6, what is -1235544055 - -132?
-1235543523
In base 11, what is -1119490 - -34?
-1119457
In base 10, what is -298 + 256508?
256210
In base 5, what is 132413400 + -434?
132412411
In base 6, what is 2 + 1345343232?
1345343234
In base 3, what is -10020121211111222 + -2?
-10020121211112001
In base 8, what is -26 - 141617537?
-141617565
In base 16, what is -2 + 38fdc58?
38fdc56
In base 5, what is 30314041101 - 1?
30314041100
In base 16, what is 8 + -1152f4?
-1152ec
In base 15, what is -1d8e - 2551a?
-273a9
In base 11, what is -611 + 323a73?
323462
In ba